is v(-5)?
10
Let b(l) = -11*l**2 + 1043*l + 3464. Determine b(98).
34
Let i(k) = 7*k**2 - 262*k - 2580. What is i(46)?
180
Let d(r) = -r**2 + 411*r - 11763. Calculate d(31).
17
Let y(d) = -d**2 + 41*d + 36326. Determine y(-172).
-310
Let q(u) = -905*u + 57809. Give q(64).
-111
Let y(u) = 2*u**3 - 54*u**2 - 23824*u + 620773. Calculate y(26).
-3
Let b(u) = 1163*u - 97769. Determine b(84).
-77
Let l(t) = -590*t - 16202. Determine l(-26).
-862
Let u(d) = -d**2 + 22888*d - 205928. Give u(9).
-17
Let z(j) = 95*j**2 + 2645*j + 18080. Calculate z(-12).
20
Let o(d) = 913*d - 103904. Determine o(114).
178
Let z(n) = -1029*n**2 + 23670*n - 8. Calculate z(23).
61
Let c(m) = -m**2 + 15251*m + 152563. Give c(-10).
-47
Let s(c) = -19*c**3 - 11*c**2 + 19*c + 339. Give s(-5).
2344
Let y(v) = 33*v**2 + 164*v - 33. Give y(-5).
-28
Let l(i) = -2210*i + 11827. What is l(5)?
777
Let x(m) = 8*m**2 - 310*m - 83912. Calculate x(-85).
238
Let u(o) = 710*o - 377641. Determine u(532).
79
Let x(k) = -4*k**2 + 104*k - 123. Determine x(-9).
-1383
Let o(y) = 2*y**3 + 126*y**2 + 26*y + 1613. Give o(-63).
-25
Let q(m) = -32*m**2 + 15748*m - 1962. Calculate q(492).
6
Let s(m) = -48*m + 4656. Determine s(103).
-288
Let y(k) = -4*k**3 + 477*k**2 - 34*k - 10134. Give y(119).
-19
Let c(r) = -r**3 + 24*r**2 + 584*r + 2240. Determine c(40).
0
Let l(y) = y**2 + 127*y + 3446. Determine l(-32).
406
Let k(z) = -48*z**2 - 58*z + 20. Give k(2).
-288
Let y(d) = -21*d**2 - 284*d - 52. Determine y(3).
-1093
Let y(f) = -7*f**2 - 16429*f - 16428. What is y(-1)?
-6
Let v(l) = -11*l**3 + 13*l**2 + 69*l + 4. Give v(-4).
640
Let n(c) = 2*c**2 - 298*c - 196918. Determine n(-248).
-6
Let k(z) = -2*z**3 + 114*z**2 - 203*z + 192. Give k(55).
1127
Let s(f) = f**2 - 159*f + 8212. Give s(80).
1892
Let j(i) = -92364*i + 92342. Determine j(1).
-22
Let s(k) = -17*k**3 + 608*k**2 + 141*k + 95. Give s(36).
-13
Let a(s) = 2*s**3 + 99*s**2 - 514*s - 23151. Calculate a(-50).
49
Let t(l) = -27872*l - 222997. Give t(-8).
-21
Let u(v) = 1311*v**2 - 16768*v - 32. Determine u(13).
3543
Let c(a) = -97542*a + 22239576. Determine c(228).
0
Let b(n) = 625600*n + 10009600. Determine b(-16).
0
Let s(r) = -1562*r - 52985. Determine s(-34).
123
Let i(k) = 2820*k - 609077. Determine i(216).
43
Let o(s) = -7*s**2 + 752*s + 226455. Calculate o(-134).
-5
Let y(h) = -33*h**2 + 3169*h - 94. Determine y(96).
2
Let j(l) = 25*l**2 + 571*l - 1. Give j(-23).
91
Let l(j) = 26*j**3 + 25*j**2 - 17*j + 22. What is l(-2)?
-52
Let r(q) = 298*q + 5543. Determine r(-21).
-715
Let y(r) = -5*r**3 - 30*r**2 + 594*r - 74. Give y(8).
198
Let m(y) = -1836*y**2 + 12988*y - 952. What is m(7)?
0
Let q(b) = -b**3 + 79*b**2 - 73*b + 68. What is q(78)?
458
Let u(n) = -n**3 + 201*n**2 + 1174*n - 29656. Calculate u(206).
8
Let x(k) = 188558*k - 2639808. Calculate x(14).
4
Let q(n) = -n**3 - 319*n**2 + 30026*n + 2370. Calculate q(-395).
0
Let g(r) = -442*r**3 + 207739*r**2 + 469*r + 456. Determine g(470).
-14
Let s(f) = 70*f**2 - 771*f - 32. What is s(11)?
-43
Let r(a) = 32*a**2 + 6606*a + 2876. Calculate r(-206).
-8
Let m(n) = 26403*n - 3300378. What is m(125)?
-3
Let r(y) = -3*y**3 + 226*y**2 + 683*y - 70. Give r(-3).
-4
Let x(y) = -11726*y - 562844. Determine x(-48).
4
Let p(s) = -526*s + 4382. Calculate p(8).
174
Let a(t) = -8*t**2 - 34594*t - 172933. What is a(-5)?
-163
Let k(t) = 33*t**2 + 622*t - 92. What is k(-19)?
3
Let f(m) = -7*m**3 + 975*m**2 - 282*m + 314. Determine f(139).
-242
Let p(i) = -i**2 + 37230*i - 446610. Give p(12).
6
Let i(n) = -319*n**2 + 477*n + 3197. What is i(4)?
1
Let x(t) = 3*t**3 - 863*t**2 + 3424*t - 98. Determine x(4).
-18
Let s(c) = -3934*c - 200636. What is s(-51)?
-2
Let g(v) = v**2 + 6084*v + 72874. Give g(-12).
10
Let o(x) = -15720*x - 108707. Calculate o(-7).
1333
Let h(b) = 2*b**3 - 829*b**2 - 1181*b - 27879. Give h(416).
-7
Let x(b) = -b**3 + 31*b**2 + 10384*b - 312422. What is x(30)?
-2
Let t(n) = 19*n**2 - 25909*n + 760170. Give t(30).
0
Let k(g) = g**2 - 12*g - 737. What is k(35)?
68
Let r(x) = -x**3 + 7*x**2 + 224*x - 217. Determine r(0).
-217
Let y(r) = -1664*r - 83197. Determine y(-50).
3
Let i(p) = -p**3 + 21*p**2 - 89*p - 102. Give i(9).
69
Let x(i) = 3*i**3 - 4*i**2 - 61723*i + 61726. Calculate x(1).
2
Let b(l) = -1007*l - 1948. What is b(-2)?
66
Let m(w) = 91*w - 3958. What is m(6)?
-3412
Let o(i) = 5021*i + 40141. Determine o(-8).
-27
Let v(g) = 5*g**3 - 5*g**2 - 1354*g - 1356. Determine v(-1).
-12
Let u(h) = h**2 + 35815*h + 250690. Give u(-7).
34
Let j(d) = 47*d - 1872. Determine j(32).
-368
Let d(m) = -m**2 + 14997*m - 821795. Give d(55).
15
Let g(k) = k**3 + 16*k**2 - 63*k - 34. What is g(4)?
34
Let y(k) = 7*k**3 - 32*k**2 - k + 13. What is y(6)?
367
Let a(z) = 2184*z + 265242. Calculate a(-122).
-1206
Let k(x) = 2*x**2 - 69*x - 20197. Calculate k(120).
323
Let n(s) = 1612*s - 8518. What is n(6)?
1154
Let w(m) = 357*m - 24418. What is w(67)?
-499
Let f(l) = 3*l**2 + 12220*l + 255275. Determine f(-21).
-22
Let c(g) = g**3 + 78*g**2 + 600*g - 162. What is c(-69)?
1287
Let a(w) = -416*w + 3454. What is a(9)?
-290
Let n(t) = 111629*t + 43870192. What is n(-393)?
-5
Let x(a) = -a**3 + 52*a**2 + 4578*a - 239809. Calculate x(53).
16
Let m(f) = 112*f**2 - 1917*f + 13. What is m(17)?
-208
Let f(m) = -214948*m - 4513908. Calculate f(-21).
0
Let h(q) = 17331*q - 346615. What is h(20)?
5
Let g(c) = 3692*c + 47994. Calculate g(-13).
-2
Let a(b) = -b**3 + 25*b**2 + 52*b + 76. Determine a(27).
22
Let o(y) = -y**2 + 226*y - 12191. Determine o(118).
553
Let k(d) = 4*d**3 + 10*d**2 + 57*d + 192. Determine k(-4).
-132
Let v(o) = 613*o - 50459. Determine v(79).
-2032
Let i(d) = 27468*d + 82401. Calculate i(-3).
-3
Let u(c) = -3054*c + 522196. Give u(171).
-38
Let m(g) = 124683*g + 1870245. Calculate m(-15).
0
Let m(v) = -1475*v - 271393. Determine m(-184).
7
Let m(t) = 22*t - 4211. What is m(199)?
167
Let k(h) = 9477*h - 94792. Give k(10).
-22
Let c(h) = 3937*h - 27196. Calculate c(7).
363
Let a(o) = 78*o**3 + 550*o**2 + 9*o - 101. Give a(-7).
32
Let q(w) = -5*w**3 + 47*w**2 - 25*w + 28. What is q(10)?
-522
Let f(l) = -3*l**2 + 163*l + 3287. Calculate f(70).
-3
Let y(i) = -2*i**2 + 84*i - 872. What is y(20)?
8
Let c(z) = -28*z**2 - 5707*z + 36337. Calculate c(-210).
7
Let w(t) = -164*t + 3538. What is w(20)?
258
Let n(r) = -214723*r + 1503111. What is n(7)?
50
Let c(h) = 143*h - 22689. Calculate c(158).
-95
Let j(g) = -195*g**2 - 3823*g + 54. What is j(-19)?
2296
Let c(a) = 239782*a - 14386915. Give c(60).
5
Let u(t) = 54*t**2 - 290*t - 99. Determine u(6).
105
Let z(u) = 26*u**2 - 228*u + 442. What is z(3)?
-8
Let o(k) = -k**3 - 67*k**2 + 36317*k + 471. What is o(160)?
-9
Let s(z) = -38*z**2 - 5111*z - 17400. Calculate s(-131).
23
Let s(z) = -94248*z + 471236. Determine s(5).
-4
Let l(d) = -5113*d - 10255. What is l(-2)?
-29
Let y(n) = 10764*n + 98067. Calculate y(-9).
1191
Let c(x) = 2*x**3 + 198*x**2 - 14*x - 1122. Give c(-99).
264
Let j(s) = -s**3 - 147*s**2 + 165*s + 2538. Determine j(-148).
22
Let v(t) = t**2 + 710*t - 5081. Give v(7).
-62
Let z(v) = -5*v**3 + 8*v**2 + 853*v - 2583. Calculate z(3).
-87
Let r(x) = 2*x**2 - 124*x + 2327. Calculate r(36).
455
Let b(n) = n**3 - 939*n**2 + 1944*n - 65582. What is b(937)?
8
Let i(t) = -t**3 - 88*t**2 + 844*t - 2807. Give i(-97).
6
Let o(f) = f**2 - 143480*f - 1291382. Give o(-9).
19
Let f(v) = -v**3 - 129*v**2 + 120*v - 150. What is f(-130)?
1150
Let g(h) = h**3 + 130*h**2 + 3365*h + 11439. What is g(-4)?
-5
Let y(u) = -19681*u**2 + 1987783*u - 203. What is y(101)?
-1
Let h(s) = 374*s**2 - 1665*s + 3322. What is h(2)?
1488
Let w(b) = -8*b**2 + 27*b + 39. Give w(-4).
-197
Let r(i) = -6*i**3 - 157*i**2 - 347*i + 264. Give r(-23).
-1806
Let p(g) = 755*g**2 + 44543*g - 109. What is p(-59)?
9
Let h(b) = 16*b**3 + 984*b**2 - 459*b - 45. Give h(-62).
-2339
Let v(q) = -52510*q + 3255625. Determine v(62).
5
Let j(p) = p**2 + 61*p - 76. Calculate j(-61).
-76
Let g(o) = -7*o**2 - 95*o - 145. What is g(-16)?
-417
Let p(u) = u**3 - 42*u**2 + 324*u - 63. Determine p(32).
65
Let g(q) = q**3 + q**2 - 16*q + 15. What is g(1)?
1
Let b(t) = -t**3 + 66*t**2 - 81. Calculate b(66).
-81
Let z(j) = 57636*j - 1037456. Calculate z(18).
-8
Let l(i) = 197*i - 26329. Determine l(134).
69
Let o(c) 